{"id":1068,"date":"2025-05-16T19:27:41","date_gmt":"2025-05-16T17:27:41","guid":{"rendered":"https:\/\/drzewozdrowia.pl\/nuovo\/?page_id=1068"},"modified":"2025-05-26T14:54:17","modified_gmt":"2025-05-26T12:54:17","slug":"services-duplicated","status":"publish","type":"page","link":"https:\/\/drzewozdrowia.pl\/nuovo\/services-duplicated\/","title":{"rendered":"Cia\u0142o i umysl"},"content":{"rendered":"\t\t<div data-elementor-type=\"wp-page\" data-elementor-id=\"1068\" class=\"elementor elementor-1068\" data-elementor-settings=\"{&quot;ha_cmc_init_switcher&quot;:&quot;no&quot;}\">\n\t\t\t\t<div class=\"elementor-element elementor-element-18388af e-flex e-con-boxed e-con e-parent\" data-id=\"18388af\" data-element_type=\"container\" data-settings=\"{&quot;background_background&quot;:&quot;classic&quot;,&quot;_ha_eqh_enable&quot;:false}\">\n\t\t\t\t\t<div class=\"e-con-inner\">\n\t\t<div class=\"elementor-element elementor-element-5ea8a60 e-con-full e-flex e-con e-child\" data-id=\"5ea8a60\" data-element_type=\"container\" data-settings=\"{&quot;_ha_eqh_enable&quot;:false}\">\n\t\t\t\t<div class=\"elementor-element elementor-element-a4d349c elementor-widget elementor-widget-heading\" data-id=\"a4d349c\" data-element_type=\"widget\" data-widget_type=\"heading.default\">\n\t\t\t\t<div class=\"elementor-widget-container\">\n\t\t\t\t\t<h6 class=\"elementor-heading-title elementor-size-default\">Cia\u0142o i Umys\u0142<\/h6>\t\t\t\t<\/div>\n\t\t\t\t<\/div>\n\t\t\t\t<div class=\"elementor-element elementor-element-0c3541e elementor-widget elementor-widget-heading\" data-id=\"0c3541e\" data-element_type=\"widget\" data-widget_type=\"heading.default\">\n\t\t\t\t<div class=\"elementor-widget-container\">\n\t\t\t\t\t<h1 class=\"elementor-heading-title elementor-size-default\"><p data-start=\"319\" data-end=\"378\"><strong data-start=\"319\" data-end=\"378\">Harmonia fizyczna i emocjonalna jako fundament zdrowia.<\/strong><\/p><p data-start=\"68\" data-end=\"181\"><span style=\"font-style: inherit; font-weight: inherit; text-decoration-line: initial;\">Wsp\u00f3\u0142czesne podej\u015bcie do zdrowia nie ogranicza si\u0119 wy\u0142\u0105cznie do leczenia cia\u0142a \u2013 r\u00f3wnie wa\u017cne jest zadbanie o umys\u0142 i emocje. Cia\u0142o i psychika s\u0105 ze sob\u0105 nierozerwalnie po\u0142\u0105czone. Tylko ich wsp\u00f3lna r\u00f3wnowaga pozwala na pe\u0142ne zdrowie, dobre samopoczucie i g\u0142\u0119boki spok\u00f3j wewn\u0119trzny.<\/span><\/p><p data-start=\"68\" data-end=\"181\"><span style=\"font-style: inherit; font-weight: inherit; text-decoration-line: initial;\">Oferujemy terapie i warsztaty, kt\u00f3re wspieraj\u0105 ten holistyczny proces \u2013 od staro\u017cytnej akupunktury i dermopsychosomatyki\u00ae, przez prowadzone medytacje pod piramid\u0105 energetyczn\u0105, a\u017c po transformuj\u0105ce warsztaty duchowego rozwoju.<\/span><\/p><p data-start=\"68\" data-end=\"181\"><span style=\"font-style: inherit; font-weight: inherit; text-decoration-line: initial;\">To przestrze\u0144, w kt\u00f3rej mo\u017cesz zatrzyma\u0107 si\u0119, ws\u0142ucha\u0107 w siebie i zregenerowa\u0107 na wszystkich poziomach \u2013 fizycznym, emocjonalnym i duchowym.<\/span><\/p><p data-start=\"68\" data-end=\"181\"><span style=\"font-style: inherit; font-weight: inherit; text-decoration-line: initial;\">Pomagamy przywr\u00f3ci\u0107 r\u00f3wnowag\u0119 i lekko\u015b\u0107 \u017cycia \u2013 poprzez g\u0142\u0119bok\u0105 prac\u0119 z cia\u0142em, \u015bwiadomo\u015bci\u0105 i energi\u0105.<\/span><span style=\"font-style: inherit; font-weight: inherit; text-decoration-line: initial;\"><\/span><\/p><\/h1>\t\t\t\t<\/div>\n\t\t\t\t<\/div>\n\t\t\t\t<\/div>\n\t\t\t\t\t<\/div>\n\t\t\t\t<\/div>\n\t\t<div class=\"elementor-element elementor-element-20153e3 e-flex e-con-boxed e-con e-parent\" data-id=\"20153e3\" data-element_type=\"container\" data-settings=\"{&quot;_ha_eqh_enable&quot;:false}\">\n\t\t\t\t\t<div class=\"e-con-inner\">\n\t\t<div class=\"elementor-element elementor-element-8e07eb3 e-con-full e-flex e-con e-child\" data-id=\"8e07eb3\" data-element_type=\"container\" data-settings=\"{&quot;_ha_eqh_enable&quot;:false}\">\n\t\t\t\t<div class=\"elementor-element elementor-element-a739962 elementor-widget elementor-widget-menu-anchor\" data-id=\"a739962\" data-element_type=\"widget\" data-widget_type=\"menu-anchor.default\">\n\t\t\t\t<div class=\"elementor-widget-container\">\n\t\t\t\t\t\t\t<div class=\"elementor-menu-anchor\" id=\"akupunkturadp\"><\/div>\n\t\t\t\t\t\t<\/div>\n\t\t\t\t<\/div>\n\t\t\t\t<div class=\"elementor-element elementor-element-bde1082 elementor-widget elementor-widget-heading\" data-id=\"bde1082\" data-element_type=\"widget\" data-widget_type=\"heading.default\">\n\t\t\t\t<div class=\"elementor-widget-container\">\n\t\t\t\t\t<h2 class=\"elementor-heading-title elementor-size-default\">Akupunktura DP \u2013 DermoPsychosomatyka\u00ae<\/h2>\t\t\t\t<\/div>\n\t\t\t\t<\/div>\n\t\t\t\t<div class=\"elementor-element elementor-element-35b00a0 elementor-widget elementor-widget-heading\" data-id=\"35b00a0\" data-element_type=\"widget\" data-widget_type=\"heading.default\">\n\t\t\t\t<div class=\"elementor-widget-container\">\n\t\t\t\t\t<h5 class=\"elementor-heading-title elementor-size-default\">Terapia, kt\u00f3ra harmonizuje cia\u0142o, umys\u0142 i emocje przez sk\u00f3r\u0119.<\/h5>\t\t\t\t<\/div>\n\t\t\t\t<\/div>\n\t\t\t\t<div class=\"elementor-element elementor-element-9fe67e2 elementor-widget-divider--view-line elementor-widget elementor-widget-divider\" data-id=\"9fe67e2\" data-element_type=\"widget\" data-widget_type=\"divider.default\">\n\t\t\t\t<div class=\"elementor-widget-container\">\n\t\t\t\t\t\t\t<div class=\"elementor-divider\">\n\t\t\t<span class=\"elementor-divider-separator\">\n\t\t\t\t\t\t<\/span>\n\t\t<\/div>\n\t\t\t\t\t\t<\/div>\n\t\t\t\t<\/div>\n\t\t\t\t<div class=\"elementor-element elementor-element-33273dc elementor-widget elementor-widget-text-editor\" data-id=\"33273dc\" data-element_type=\"widget\" data-widget_type=\"text-editor.default\">\n\t\t\t\t<div class=\"elementor-widget-container\">\n\t\t\t\t\t\t\t\t\t<p data-start=\"407\" data-end=\"775\">Nowoczesna metoda refleksologii, kt\u00f3ra dzia\u0142a poprzez sk\u00f3r\u0119 \u2013 nie bezpo\u015brednio na organ, ale na jego psychologiczne i fizyczne \u201eodbicie\u201d.<br data-start=\"544\" data-end=\"547\" \/>To, co prze\u017cywamy emocjonalnie, odzwierciedla si\u0119 w ciele fizycznym. Dlatego mo\u017cliwe jest dotarcie do emocji poprzez stymulacj\u0119 sk\u00f3ry i wspieranie energetycznego funkcjonowania narz\u0105d\u00f3w takich jak w\u0105troba, jelita czy trzustka.<\/p><p data-start=\"777\" data-end=\"1094\">Metoda DP opiera si\u0119 na zasadzie <strong data-start=\"810\" data-end=\"834\">potr\u00f3jnej zale\u017cno\u015bci<\/strong> (cia\u0142o \u2013 psychika \u2013 sk\u00f3ra), opracowanej przez neurologa Giuseppe Calligarisa.<br data-start=\"912\" data-end=\"915\" \/>Dzi\u0119ki niej mo\u017cliwa jest praca terapeutyczna w trzech wymiarach:<br data-start=\"979\" data-end=\"982\" \/>\u2022 r\u00f3wnowa\u017cenie energetyki narz\u0105d\u00f3w,<br data-start=\"1017\" data-end=\"1020\" \/>\u2022 wp\u0142yw na stany emocjonalne,<br data-start=\"1049\" data-end=\"1052\" \/>\u2022 stymulacja konkretnych obszar\u00f3w sk\u00f3ry.<\/p><p data-start=\"1096\" data-end=\"1329\">Na ciele znajduje si\u0119 sie\u0107 cienkich linii energetycznych, podobnych do meridian\u00f3w w medycynie chi\u0144skiej, kt\u00f3re odzwierciedlaj\u0105 kondycj\u0119 fizyczn\u0105 i psychiczn\u0105. Poprzez sk\u00f3r\u0119 mo\u017cna zauwa\u017cy\u0107 brak r\u00f3wnowagi i dzia\u0142a\u0107, by j\u0105 przywr\u00f3ci\u0107.<\/p><p data-start=\"1331\" data-end=\"1535\">Podstaw\u0105 terapii jest <strong data-start=\"1353\" data-end=\"1375\">prawo antagonizm\u00f3w<\/strong>: je\u015bli uk\u0142ad oddechowy (fizycznie) powi\u0105zany jest ze snem i spokojem (emocje), a uk\u0142ad kr\u0105\u017cenia z uczuciami \u2013 mo\u017cna zharmonizowa\u0107 jedno, dzia\u0142aj\u0105c na drugie.<\/p><p data-start=\"1537\" data-end=\"1923\">Metoda ta umo\u017cliwia dotarcie do <strong data-start=\"1569\" data-end=\"1605\">10 kluczowych aspekt\u00f3w cz\u0142owieka<\/strong>:<br data-start=\"1606\" data-end=\"1609\" \/>\u2022 uk\u0142ad nerwowy \u2013 dysocjacja,<br data-start=\"1638\" data-end=\"1641\" \/>\u2022 autonomiczny uk\u0142ad nerwowy \u2013 asocjacja,<br data-start=\"1682\" data-end=\"1685\" \/>\u2022 jelita \u2013 mi\u0142o\u015b\u0107,<br data-start=\"1703\" data-end=\"1706\" \/>\u2022 w\u0105troba \u2013 nienawi\u015b\u0107,<br data-start=\"1728\" data-end=\"1731\" \/>\u2022 \u017co\u0142\u0105dek \u2013 pami\u0119\u0107 pod\u015bwiadoma,<br data-start=\"1762\" data-end=\"1765\" \/>\u2022 uk\u0142ad moczowo-p\u0142ciowy \u2013 pami\u0119\u0107 \u015bwiadoma,<br data-start=\"1807\" data-end=\"1810\" \/>\u2022 trzustka \u2013 przyjemno\u015b\u0107,<br data-start=\"1835\" data-end=\"1838\" data-is-only-node=\"\" \/>\u2022 \u015bledziona \u2013 b\u00f3l,<br data-start=\"1856\" data-end=\"1859\" \/>\u2022 uk\u0142ad kr\u0105\u017cenia \u2013 emocje,<br data-start=\"1885\" data-end=\"1888\" \/>\u2022 uk\u0142ad oddechowy \u2013 sen i spok\u00f3j.<\/p><p data-start=\"1925\" data-end=\"2110\">Calligaris odkry\u0142, \u017ce emocje i relacje mi\u0119dzyludzkie odbijaj\u0105 si\u0119 na sk\u00f3rze. Mo\u017cna wi\u0119c pracowa\u0107 nad w\u0142asnymi emocjami, schematami rodzinnymi i do\u015bwiadczeniami \u017cyciowymi\u2026 przez cia\u0142o.<\/p><p data-start=\"2112\" data-end=\"2186\">To nauka. I to fantastyczna nauka \u2013 bo dzia\u0142a i daje niesamowite efekty.<\/p>\t\t\t\t\t\t\t\t<\/div>\n\t\t\t\t<\/div>\n\t\t\t\t<\/div>\n\t\t<div class=\"elementor-element elementor-element-a1aa49f e-con-full e-flex e-con e-child\" data-id=\"a1aa49f\" data-element_type=\"container\" data-settings=\"{&quot;_ha_eqh_enable&quot;:false}\">\n\t\t\t\t<div class=\"elementor-element elementor-element-b736a41 elementor-widget elementor-widget-image\" data-id=\"b736a41\" data-element_type=\"widget\" data-widget_type=\"image.default\">\n\t\t\t\t<div class=\"elementor-widget-container\">\n\t\t\t\t\t\t\t\t\t\t\t\t\t\t\t<img fetchpriority=\"high\" decoding=\"async\" width=\"962\" height=\"431\" src=\"https:\/\/drzewozdrowia.pl\/nuovo\/wp-content\/uploads\/2025\/05\/2146.jpg\" class=\"attachment-full size-full wp-image-1181\" alt=\"\" srcset=\"https:\/\/drzewozdrowia.pl\/nuovo\/wp-content\/uploads\/2025\/05\/2146.jpg 962w, https:\/\/drzewozdrowia.pl\/nuovo\/wp-content\/uploads\/2025\/05\/2146-300x134.jpg 300w, https:\/\/drzewozdrowia.pl\/nuovo\/wp-content\/uploads\/2025\/05\/2146-768x344.jpg 768w\" sizes=\"(max-width: 962px) 100vw, 962px\" \/>\t\t\t\t\t\t\t\t\t\t\t\t\t\t\t<\/div>\n\t\t\t\t<\/div>\n\t\t\t\t<\/div>\n\t\t\t\t\t<\/div>\n\t\t\t\t<\/div>\n\t\t<div class=\"elementor-element elementor-element-faccca0 e-flex e-con-boxed e-con e-parent\" data-id=\"faccca0\" data-element_type=\"container\" data-settings=\"{&quot;_ha_eqh_enable&quot;:false}\">\n\t\t\t\t\t<div class=\"e-con-inner\">\n\t\t<div class=\"elementor-element elementor-element-47fc71e e-con-full e-flex e-con e-child\" data-id=\"47fc71e\" data-element_type=\"container\" data-settings=\"{&quot;_ha_eqh_enable&quot;:false}\">\n\t\t\t\t<div class=\"elementor-element elementor-element-82c9827 elementor-widget elementor-widget-image\" data-id=\"82c9827\" data-element_type=\"widget\" data-widget_type=\"image.default\">\n\t\t\t\t<div class=\"elementor-widget-container\">\n\t\t\t\t\t\t\t\t\t\t\t\t\t\t\t<img decoding=\"async\" src=\"https:\/\/drzewozdrowia.pl\/nuovo\/wp-content\/uploads\/2025\/05\/pexels-photo-7596953-7596953.jpg\" class=\"attachment-full size-full wp-image-1173\" alt=\"\" \/>\t\t\t\t\t\t\t\t\t\t\t\t\t\t\t<\/div>\n\t\t\t\t<\/div>\n\t\t\t\t<\/div>\n\t\t<div class=\"elementor-element elementor-element-01dfd78 e-con-full e-flex e-con e-child\" data-id=\"01dfd78\" data-element_type=\"container\" data-settings=\"{&quot;_ha_eqh_enable&quot;:false}\">\n\t\t\t\t<div class=\"elementor-element elementor-element-6e97c63 elementor-widget elementor-widget-menu-anchor\" data-id=\"6e97c63\" data-element_type=\"widget\" data-widget_type=\"menu-anchor.default\">\n\t\t\t\t<div class=\"elementor-widget-container\">\n\t\t\t\t\t\t\t<div class=\"elementor-menu-anchor\" id=\"meditacje\"><\/div>\n\t\t\t\t\t\t<\/div>\n\t\t\t\t<\/div>\n\t\t\t\t<div class=\"elementor-element elementor-element-b6c2d06 elementor-widget elementor-widget-heading\" data-id=\"b6c2d06\" data-element_type=\"widget\" data-widget_type=\"heading.default\">\n\t\t\t\t<div class=\"elementor-widget-container\">\n\t\t\t\t\t<h2 class=\"elementor-heading-title elementor-size-default\">Medytacje \u2013 R\u00f3wnowaga cia\u0142a, umys\u0142u i ducha<\/h2>\t\t\t\t<\/div>\n\t\t\t\t<\/div>\n\t\t\t\t<div class=\"elementor-element elementor-element-e57d14a elementor-widget elementor-widget-heading\" data-id=\"e57d14a\" data-element_type=\"widget\" data-widget_type=\"heading.default\">\n\t\t\t\t<div class=\"elementor-widget-container\">\n\t\t\t\t\t<h5 class=\"elementor-heading-title elementor-size-default\">Medytacje prowadzone w bezpiecznej przestrzeni pod piramid\u0105 energetyzuj\u0105ce i balansuj\u0105ce czakry<\/h5>\t\t\t\t<\/div>\n\t\t\t\t<\/div>\n\t\t\t\t<div class=\"elementor-element elementor-element-cca2093 elementor-widget-divider--view-line elementor-widget elementor-widget-divider\" data-id=\"cca2093\" data-element_type=\"widget\" data-widget_type=\"divider.default\">\n\t\t\t\t<div class=\"elementor-widget-container\">\n\t\t\t\t\t\t\t<div class=\"elementor-divider\">\n\t\t\t<span class=\"elementor-divider-separator\">\n\t\t\t\t\t\t<\/span>\n\t\t<\/div>\n\t\t\t\t\t\t<\/div>\n\t\t\t\t<\/div>\n\t\t\t\t<div class=\"elementor-element elementor-element-f44a9ce elementor-widget elementor-widget-text-editor\" data-id=\"f44a9ce\" data-element_type=\"widget\" data-widget_type=\"text-editor.default\">\n\t\t\t\t<div class=\"elementor-widget-container\">\n\t\t\t\t\t\t\t\t\t<p data-start=\"102\" data-end=\"394\"><strong data-start=\"102\" data-end=\"128\">Medytacje pod Piramid\u0105<\/strong><br data-start=\"128\" data-end=\"131\" \/>Medytacje prowadzone w bezpiecznej, harmonizuj\u0105cej przestrzeni, kt\u00f3re aktywuj\u0105 i balansuj\u0105 wszystkie czakry oraz kana\u0142y energetyczne. Wzmocnione dzia\u0142aniem piramidy \u2013 pot\u0119\u017cnego kana\u0142u boskiej energii \u2013 medytacje wspieraj\u0105 g\u0142\u0119bok\u0105 regeneracj\u0119 i odnow\u0119 organizmu.<\/p><p data-start=\"396\" data-end=\"535\">\u0141\u0105czymy techniki piramidoterapii, d\u017awi\u0119koterapii (misy, gongi) oraz aromaterapii, tworz\u0105c wielowymiarowe do\u015bwiadczenie dla cia\u0142a i ducha.<\/p><p data-start=\"537\" data-end=\"700\">Medytacje odbywaj\u0105 si\u0119 cyklicznie, w r\u00f3\u017cnych lokalizacjach. Mo\u017cesz do\u0142\u0105czy\u0107 do pojedynczych sesji lub ca\u0142ego cyklu, kt\u00f3ry jest form\u0105 duchowej \u015bcie\u017cki rozwojowej.<\/p><p data-start=\"702\" data-end=\"722\">Obecne propozycje:<\/p><ul data-start=\"723\" data-end=\"980\"><li data-start=\"723\" data-end=\"798\"><p data-start=\"725\" data-end=\"798\">Comiesi\u0119czne medytacje r\u00f3wnowa\u017c\u0105ce czakry \u2013 idealne dla pocz\u0105tkuj\u0105cych.<\/p><\/li><li data-start=\"799\" data-end=\"889\"><p data-start=\"801\" data-end=\"889\">Mistyczna \u015bcie\u017cka rozwoju \u2013 cykl medytacji z hipnoz\u0105 regresyjn\u0105 i podr\u00f3\u017cami duchowymi.<\/p><\/li><li data-start=\"890\" data-end=\"980\"><p data-start=\"892\" data-end=\"980\">Specjalistyczne medytacje dedykowane ka\u017cdej czakrze z wykorzystaniem d\u017awi\u0119ku i wibracji.<\/p><\/li><\/ul>\t\t\t\t\t\t\t\t<\/div>\n\t\t\t\t<\/div>\n\t\t\t\t<\/div>\n\t\t\t\t\t<\/div>\n\t\t\t\t<\/div>\n\t\t<div class=\"elementor-element elementor-element-c538fb6 e-flex e-con-boxed e-con e-parent\" data-id=\"c538fb6\" data-element_type=\"container\" data-settings=\"{&quot;_ha_eqh_enable&quot;:false}\">\n\t\t\t\t\t<div class=\"e-con-inner\">\n\t\t<div class=\"elementor-element elementor-element-a85e85f e-con-full e-flex e-con e-child\" data-id=\"a85e85f\" data-element_type=\"container\" data-settings=\"{&quot;_ha_eqh_enable&quot;:false}\">\n\t\t\t\t<div class=\"elementor-element elementor-element-e13f4e7 elementor-widget elementor-widget-menu-anchor\" data-id=\"e13f4e7\" data-element_type=\"widget\" data-widget_type=\"menu-anchor.default\">\n\t\t\t\t<div class=\"elementor-widget-container\">\n\t\t\t\t\t\t\t<div class=\"elementor-menu-anchor\" id=\"warsztaty\"><\/div>\n\t\t\t\t\t\t<\/div>\n\t\t\t\t<\/div>\n\t\t\t\t<div class=\"elementor-element elementor-element-7357c23 elementor-widget elementor-widget-heading\" data-id=\"7357c23\" data-element_type=\"widget\" data-widget_type=\"heading.default\">\n\t\t\t\t<div class=\"elementor-widget-container\">\n\t\t\t\t\t<h2 class=\"elementor-heading-title elementor-size-default\">WARSZTATY ROZWOJOWE I DUCHOWE<\/h2>\t\t\t\t<\/div>\n\t\t\t\t<\/div>\n\t\t\t\t<div class=\"elementor-element elementor-element-1a64858 elementor-widget elementor-widget-heading\" data-id=\"1a64858\" data-element_type=\"widget\" data-widget_type=\"heading.default\">\n\t\t\t\t<div class=\"elementor-widget-container\">\n\t\t\t\t\t<h5 class=\"elementor-heading-title elementor-size-default\">Transformuj\u0105ce warsztaty w Polsce i za granic\u0105 \u2013 w miejscach pe\u0142nych mocy i pi\u0119kna natury<\/h5>\t\t\t\t<\/div>\n\t\t\t\t<\/div>\n\t\t\t\t<div class=\"elementor-element elementor-element-67008e1 elementor-widget-divider--view-line elementor-widget elementor-widget-divider\" data-id=\"67008e1\" data-element_type=\"widget\" data-widget_type=\"divider.default\">\n\t\t\t\t<div class=\"elementor-widget-container\">\n\t\t\t\t\t\t\t<div class=\"elementor-divider\">\n\t\t\t<span class=\"elementor-divider-separator\">\n\t\t\t\t\t\t<\/span>\n\t\t<\/div>\n\t\t\t\t\t\t<\/div>\n\t\t\t\t<\/div>\n\t\t\t\t<div class=\"elementor-element elementor-element-8ae4c66 elementor-widget elementor-widget-text-editor\" data-id=\"8ae4c66\" data-element_type=\"widget\" data-widget_type=\"text-editor.default\">\n\t\t\t\t<div class=\"elementor-widget-container\">\n\t\t\t\t\t\t\t\t\t<p data-start=\"320\" data-end=\"589\">Zapraszamy na wyj\u0105tkowe warsztaty tematyczne i weekendowe, odbywaj\u0105ce si\u0119 cyklicznie zar\u00f3wno w urokliwych zak\u0105tkach Polski, jak i za granic\u0105. To g\u0142\u0119boka podr\u00f3\u017c w g\u0142\u0105b siebie \u2013 praca z cia\u0142em, emocjami, energi\u0105 i \u015bwiadomo\u015bci\u0105 w sprzyjaj\u0105cych, naturalnych przestrzeniach.<\/p>\n<p data-start=\"591\" data-end=\"789\">Ka\u017cdy warsztat to po\u0142\u0105czenie medytacji, pracy z czakrami, d\u017awi\u0119kiem, oddechem, energi\u0105 piramid, rytua\u0142\u00f3w oraz kontaktu z \u017cywio\u0142ami \u2013 wszystko po to, by\u015b m\u00f3g\u0142\/mog\u0142a wr\u00f3ci\u0107 do swojej wewn\u0119trznej mocy.<\/p>\n<p data-start=\"791\" data-end=\"1122\"><strong data-start=\"791\" data-end=\"825\">Przyk\u0142adowe tematy warsztat\u00f3w:<\/strong><br data-start=\"825\" data-end=\"828\"><em data-start=\"831\" data-end=\"849\">-WIBRACJE ODDECHU<\/em> \u2013 odkryj w\u0142asn\u0105 cz\u0119stotliwo\u015b\u0107 przez oddech i medytacj\u0119<br data-start=\"904\" data-end=\"907\"><em data-start=\"910\" data-end=\"931\">-MISTYCZNE MEDYTACJE<\/em> \u2013 duchowa \u015bcie\u017cka rozwoju pod piramid\u0105<br data-start=\"970\" data-end=\"973\"><em data-start=\"976\" data-end=\"994\">-NICJACJA RODOWA<\/em> \u2013 transformacja kobiecej energii i po\u0142\u0105czenie z Matk\u0105 Ziemi\u0105<br data-start=\"1055\" data-end=\"1058\"><em data-start=\"1061\" data-end=\"1078\">-WYBIERAM SIEBIE<\/em> \u2013 uzdrawianie relacji i odzyskiwanie siebie<\/p>\n<p data-start=\"1124\" data-end=\"1314\">Warsztaty odbywaj\u0105 si\u0119 m.in. w Polsce, we W\u0142oszech i innych miejscach mocy w Europie.<br data-start=\"1209\" data-end=\"1212\">Do\u0142\u0105cz do podr\u00f3\u017cy transformacyjnej \u2013 tam, gdzie cia\u0142o spotyka dusz\u0119, a natura wspiera Twoj\u0105 przemian\u0119.<\/p>\t\t\t\t\t\t\t\t<\/div>\n\t\t\t\t<\/div>\n\t\t\t\t<\/div>\n\t\t<div class=\"elementor-element elementor-element-2bca7bb e-con-full e-flex e-con e-child\" data-id=\"2bca7bb\" data-element_type=\"container\" data-settings=\"{&quot;_ha_eqh_enable&quot;:false}\">\n\t\t\t\t<div class=\"elementor-element elementor-element-8d88ffd elementor-widget elementor-widget-image\" data-id=\"8d88ffd\" data-element_type=\"widget\" data-widget_type=\"image.default\">\n\t\t\t\t<div class=\"elementor-widget-container\">\n\t\t\t\t\t\t\t\t\t\t\t\t\t\t\t<img decoding=\"async\" width=\"886\" height=\"1280\" src=\"https:\/\/drzewozdrowia.pl\/nuovo\/wp-content\/uploads\/2025\/05\/ge271e1a3f573e6c56fcf745e51a40b105ebec129ae2ec42d41485d1fc5fea0dde73a1ec19725d35a1e1c3ff5941ecd63acf7674c7295671dbcc8ab449d535339_1280-8646006.jpg\" class=\"attachment-full size-full wp-image-1187\" alt=\"woman, group meditation, yoga, meditate, relax, calm, inner peace, peace, exercise, buddhism, religion, guided meditation, group meditation, meditate, peace, peace, peace, peace, peace\" srcset=\"https:\/\/drzewozdrowia.pl\/nuovo\/wp-content\/uploads\/2025\/05\/ge271e1a3f573e6c56fcf745e51a40b105ebec129ae2ec42d41485d1fc5fea0dde73a1ec19725d35a1e1c3ff5941ecd63acf7674c7295671dbcc8ab449d535339_1280-8646006.jpg 886w, https:\/\/drzewozdrowia.pl\/nuovo\/wp-content\/uploads\/2025\/05\/ge271e1a3f573e6c56fcf745e51a40b105ebec129ae2ec42d41485d1fc5fea0dde73a1ec19725d35a1e1c3ff5941ecd63acf7674c7295671dbcc8ab449d535339_1280-8646006-208x300.jpg 208w, https:\/\/drzewozdrowia.pl\/nuovo\/wp-content\/uploads\/2025\/05\/ge271e1a3f573e6c56fcf745e51a40b105ebec129ae2ec42d41485d1fc5fea0dde73a1ec19725d35a1e1c3ff5941ecd63acf7674c7295671dbcc8ab449d535339_1280-8646006-709x1024.jpg 709w, https:\/\/drzewozdrowia.pl\/nuovo\/wp-content\/uploads\/2025\/05\/ge271e1a3f573e6c56fcf745e51a40b105ebec129ae2ec42d41485d1fc5fea0dde73a1ec19725d35a1e1c3ff5941ecd63acf7674c7295671dbcc8ab449d535339_1280-8646006-768x1110.jpg 768w\" sizes=\"(max-width: 886px) 100vw, 886px\" \/>\t\t\t\t\t\t\t\t\t\t\t\t\t\t\t<\/div>\n\t\t\t\t<\/div>\n\t\t\t\t<\/div>\n\t\t\t\t\t<\/div>\n\t\t\t\t<\/div>\n\t\t\t\t<\/div>\n\t\t","protected":false},"excerpt":{"rendered":"<p>Cia\u0142o i Umys\u0142 Harmonia fizyczna i emocjonalna jako fundament zdrowia. Wsp\u00f3\u0142czesne podej\u015bcie do zdrowia nie ogranicza si\u0119 wy\u0142\u0105cznie do leczenia [&hellip;]<\/p>\n","protected":false},"author":1,"featured_media":0,"parent":0,"menu_order":0,"comment_status":"closed","ping_status":"closed","template":"","meta":{"_uag_custom_page_level_css":"","site-sidebar-layout":"no-sidebar","site-content-layout":"","ast-site-content-layout":"full-width-container","site-content-style":"default","site-sidebar-style":"default","ast-global-header-display":"","ast-banner-title-visibility":"","ast-main-header-display":"","ast-hfb-above-header-display":"","ast-hfb-below-header-display":"","ast-hfb-mobile-header-display":"","site-post-title":"disabled","ast-breadcrumbs-content":"","ast-featured-img":"disabled","footer-sml-layout":"","theme-transparent-header-meta":"","adv-header-id-meta":"","stick-header-meta":"","header-above-stick-meta":"","header-main-stick-meta":"","header-below-stick-meta":"","astra-migrate-meta-layouts":"default","ast-page-background-enabled":"default","ast-page-background-meta":{"desktop":{"background-color":"var(--ast-global-color-4)","background-image":"","background-repeat":"repeat","background-position":"center center","background-size":"auto","background-attachment":"scroll","background-type":"","background-media":"","overlay-type":"","overlay-color":"","overlay-opacity":"","overlay-gradient":""},"tablet":{"background-color":"","background-image":"","background-repeat":"repeat","background-position":"center center","background-size":"auto","background-attachment":"scroll","background-type":"","background-media":"","overlay-type":"","overlay-color":"","overlay-opacity":"","overlay-gradient":""},"mobile":{"background-color":"","background-image":"","background-repeat":"repeat","background-position":"center center","background-size":"auto","background-attachment":"scroll","background-type":"","background-media":"","overlay-type":"","overlay-color":"","overlay-opacity":"","overlay-gradient":""}},"ast-content-background-meta":{"desktop":{"background-color":"var(--ast-global-color-5)","background-image":"","background-repeat":"repeat","background-position":"center center","background-size":"auto","background-attachment":"scroll","background-type":"","background-media":"","overlay-type":"","overlay-color":"","overlay-opacity":"","overlay-gradient":""},"tablet":{"background-color":"var(--ast-global-color-5)","background-image":"","background-repeat":"repeat","background-position":"center center","background-size":"auto","background-attachment":"scroll","background-type":"","background-media":"","overlay-type":"","overlay-color":"","overlay-opacity":"","overlay-gradient":""},"mobile":{"background-color":"var(--ast-global-color-5)","background-image":"","background-repeat":"repeat","background-position":"center center","background-size":"auto","background-attachment":"scroll","background-type":"","background-media":"","overlay-type":"","overlay-color":"","overlay-opacity":"","overlay-gradient":""}},"footnotes":""},"class_list":["post-1068","page","type-page","status-publish","hentry"],"uagb_featured_image_src":{"full":false,"thumbnail":false,"medium":false,"medium_large":false,"large":false,"1536x1536":false,"2048x2048":false},"uagb_author_info":{"display_name":"Calligaris","author_link":"https:\/\/drzewozdrowia.pl\/nuovo\/author\/calligaris\/"},"uagb_comment_info":0,"uagb_excerpt":"Cia\u0142o i Umys\u0142 Harmonia fizyczna i emocjonalna jako fundament zdrowia. Wsp\u00f3\u0142czesne podej\u015bcie do zdrowia nie ogranicza si\u0119 wy\u0142\u0105cznie do leczenia [&hellip;]","_links":{"self":[{"href":"https:\/\/drzewozdrowia.pl\/nuovo\/wp-json\/wp\/v2\/pages\/1068","targetHints":{"allow":["GET"]}}],"collection":[{"href":"https:\/\/drzewozdrowia.pl\/nuovo\/wp-json\/wp\/v2\/pages"}],"about":[{"href":"https:\/\/drzewozdrowia.pl\/nuovo\/wp-json\/wp\/v2\/types\/page"}],"author":[{"embeddable":true,"href":"https:\/\/drzewozdrowia.pl\/nuovo\/wp-json\/wp\/v2\/users\/1"}],"replies":[{"embeddable":true,"href":"https:\/\/drzewozdrowia.pl\/nuovo\/wp-json\/wp\/v2\/comments?post=1068"}],"version-history":[{"count":28,"href":"https:\/\/drzewozdrowia.pl\/nuovo\/wp-json\/wp\/v2\/pages\/1068\/revisions"}],"predecessor-version":[{"id":1265,"href":"https:\/\/drzewozdrowia.pl\/nuovo\/wp-json\/wp\/v2\/pages\/1068\/revisions\/1265"}],"wp:attachment":[{"href":"https:\/\/drzewozdrowia.pl\/nuovo\/wp-json\/wp\/v2\/media?parent=1068"}],"curies":[{"name":"wp","href":"https:\/\/api.w.org\/{rel}","templated":true}]}}